)?
5
Suppose 4 = 2*c + 3*u + u, 0 = -2*c + 3*u + 25. Suppose -c*m = -3*m - 4*t - 98, -m + 8 = 5*t. What is the units digit of m?
8
What is the units digit of ((-7566)/(-4))/(111/74)?
1
What is the units digit of 686 - 0 - (-78 - -73)?
1
Let o(v) = -4*v**2 + 2*v + 1. Let p be o(4). Let c = 109 + p. What is the units digit of c?
4
Let r be ((-176)/(-12) + -1)*3. Suppose r + 74 = 5*d. Let s = d - 9. What is the tens digit of s?
1
Let q = -17 - -24. Suppose h - 7 = 14. Let j = h - q. What is the units digit of j?
4
Let u = 19 - 19. Let m be (2 - -1) + u + -1. Suppose -76 = -m*s + 2*l, -s - 4*l + 0*l = -43. What is the units digit of s?
9
Let i be 3 + 2/(4 - 3). Suppose -i*m + 34 = -x, 2*x = 2*m + 5*x - 17. Suppose 67 = 3*r + m. What is the units digit of r?
0
Suppose -5*w - 21 = 2*a, 9 = 2*a - w - 0*w. Suppose 4*d + 5 = 1. What is the units digit of (a + (d - 15))/(-2)?
7
Let x be -2 - ((-145)/5 - -1*4). Let a = x + 0. What is the tens digit of a?
2
Let b(t) = -6*t - 10. Let h be b(-10). Suppose 0 = 4*u + h - 6. Let p = u + 17. What is the units digit of p?
6
Suppose -24*z = -4683 - 117. What is the units digit of z?
0
Let c(y) = -2*y + 2. Suppose -2*b - 9 = -b - 5*o, -b + 4*o = 9. Let r be c(b). Suppose -r = 4*p - 68. What is the tens digit of p?
1
Let s = -48 + 55. Suppose -w - s*w = -280. What is the units digit of w?
5
Let n(p) = -p**3 + 9*p**2 + 10*p + 9. Let m = 59 + -51. What is the units digit of n(m)?
3
Let z(w) = 30*w**2 - 16*w + 32. What is the hundreds digit of z(-6)?
2
Suppose -5355 = 8*d - 17*d. What is the hundreds digit of d?
5
What is the tens digit of 4001 - 1*(5 - 6)?
0
Let o = 2798 - 1993. What is the units digit of o?
5
What is the hundreds digit of (76/(-20) + 1)*(-4 + -166)?
4
What is the units digit of (3/3 + 2)/(1/1)?
3
Suppose -206*i = -196*i - 10910. What is the units digit of i?
1
Suppose -b = -7 + 1. Let v be ((-15)/(-9))/(2/b). Suppose -v*p + 2*p + 75 = 0. What is the units digit of p?
5
Suppose -3*w + 5*a + 4 = a, 3*w + 5*a = -5. Suppose w = -4*z - 3 - 5, 0 = -5*p - 4*z + 147. What is the tens digit of p?
3
Let b be (5/15)/(2/12). Suppose b*g + 3*g = -4*w - 797, 3*g = -3. What is the tens digit of (w/30)/((-1)/5)?
3
Let c(w) = 2*w**2 - w + 3. Let j be c(0). Suppose 3*p + 192 = 4*r, 2*r + j*p - 41 = 55. What is the tens digit of r?
4
Let p = 1311 + -844. What is the tens digit of p?
6
Let s be (-51)/(-2)*10/15. Suppose 0 = -3*x + 7 + s. What is the units digit of x?
8
Let w(n) = n**3 + 13*n**2 + 12*n + 4. Let t be w(-12). Suppose 2*a + 54 = -t. Let o = 83 + a. What is the units digit of o?
4
Suppose -4 = -4*q + 2*q. Let i = q - -11. What is the tens digit of i?
1
Suppose -5*y + 13 = 2*x - 16, 3*x - 38 = -2*y. What is the tens digit of x?
1
Let n(k) = 8*k**2 - 10*k - 50. What is the units digit of n(-18)?
2
Suppose 3*f + 185 = -2*f. Let w = 126 + f. What is the units digit of w?
9
What is the units digit of 1 + 33 + 3 + -8?
9
Let n(g) = 19*g**2 - 30. What is the tens digit of n(-7)?
0
Let z(d) = -2*d**3 + 154*d**2 - 104*d - 29. What is the hundreds digit of z(76)?
6
Let z(a) = 10*a + 8. Suppose 5*d - 22 = -2*x, 2*d + x + 3 = 3*d. Let t be z(d). What is the units digit of (7/21)/(1/t)?
6
Let y be (-4)/((-6)/(-633)*-2). Suppose 12*g - y = 593. What is the tens digit of g?
6
Suppose 0 = -2*b + 5*w + 1587, -30*b = -27*b + 4*w - 2438. What is the hundreds digit of b?
8
Let p = -1830 + 2812. What is the units digit of p?
2
Let n be 36 - -2 - (-12)/(-4). Let x = n + -16. Let p = x + -16. What is the units digit of p?
3
What is the tens digit of (-93056)/(-88) + 12/22?
5
Let d(c) = c**3 - 4*c**2 + 6. Let m be d(8). Let z = -29 + m. Suppose -4*j + w + 182 = -0*w, -5*j + 4*w = -z. What is the tens digit of j?
4
Suppose 4*d = 3*j - 878 - 3408, 0 = 4*j - 4*d - 5712. What is the thousands digit of j?
1
Let g(u) = u**3 + 11*u**2 + 8*u + 10. Let c be g(-9). Let s = 49 + c. Suppose -5*v + s = -21. What is the units digit of v?
4
Suppose -970 = a + n - 4547, -2*n = 0. What is the hundreds digit of a?
5
Suppose -32*y + 2223 = 175. What is the units digit of y?
4
Let v(k) = -4*k**3 - 9*k - 36. What is the units digit of v(-8)?
4
Suppose -3*y = -y + 54. Let n = 28 + -26. What is the tens digit of (y/(-2))/(1/n)?
2
Let t = 26 - 22. Suppose 2*i - 116 = n, t*n + n = -3*i + 174. What is the units digit of i?
8
Let p(q) = q**3 + 11*q**2 + 15*q - 2. Let h be p(-8). Suppose -h*z + 71*z = 131. What is the hundreds digit of z?
1
Let d(j) = 2*j**2 + 6*j - 5. What is the tens digit of d(-10)?
3
Let f(k) = -k**2 - 11*k + 14. Let b be f(-14). Let x = b + 16. What is the units digit of (18/x)/(6/(-20))?
5
Let m(b) = 132*b**2 + 2*b - 1. Suppose 100 = -4*z + 104. What is the hundreds digit of m(z)?
1
Suppose 0 = 37*z - 36*z - 9. Let y = z - -218. What is the tens digit of y?
2
Let t(k) = 5*k**2 - k - 3. Suppose 0 = 5*q - 32 + 7. What is the hundreds digit of t(q)?
1
What is the hundreds digit of (-1 + -2)/((105/(-1480))/7)?
2
Suppose -3*f = -2*g - 99, 0 = 3*f + g + 3*g - 81. Let u be (-894)/(-4)*(-6)/(-9). Suppose -5*m + u = -f. What is the tens digit of m?
3
Let t = 94 - -271. What is the units digit of t?
5
Suppose -3*m + 7*m + 40 = 0. Suppose -4*y = y - 90. Let s = m + y. What is the units digit of s?
8
Let r(d) = d**3 - 2*d + 2. Suppose -h - 5*w = -7, 2*h = -5*w + 7 + 2. Let u be r(h). Suppose -u*a - 35 = -7*a. What is the units digit of a?
5
Let j(w) = -w**3 + 13*w**2 - 11*w - 5. Let q be (52/20 + -3)*-10. Suppose 30 = 3*y + 2*d - q, -53 = -4*y + 5*d. What is the units digit of j(y)?
7
Let i(a) = 2*a + 8. Suppose 0 = 4*r - 26 - 2. Let z be i(r). Suppose 5*v + 2 + z = 3*c, c - 8 = -3*v. What is the units digit of c?
8
Suppose 3*n - 3*g - 3468 = 0, 5*g + 2327 = 2*n - 0*g. What is the hundreds digit of n?
1
Suppose 4*f - 6 = 3*f + n, -4*n - 8 = 0. Suppose 5*i + 5 + 15 = 0, 0 = -5*t - 5*i + 10. Suppose f*q = t*q - 66. What is the tens digit of q?
3
Let z = 87 - 48. Let m = z - 69. What is the tens digit of 242/6 + (-20)/m?
4
Let u = 310 + 84. What is the tens digit of u?
9
Suppose -3*l + 5*x + 6 = 0, 3*l - 5*x + x - 6 = 0. Suppose -l*j + 224 = 2*j. What is the tens digit of j?
5
Let h = 5 + -7. Suppose -4*y - 6 = -w - 5*y, -2*y = -3*w + 18. Let u = h + w. What is the units digit of u?
4
Let n(h) = 3*h - 1 - 3 + h**2 + 0*h**2 + h**2. Let f be n(2). Let k(c) = -c**3 + 10*c**2 + 7*c - 15. What is the tens digit of k(f)?
5
Let q(s) = 10*s**2 - 3*s + 1. Let p be q(1). Suppose -3*v - 20 = c - p*v, -4*c - 4*v + 40 = 0. What is the units digit of c?
5
Suppose 2105 - 23255 = -18*z. What is the units digit of z?
5
Suppose 2*x + 2 = -y, 3*x + 2 + 15 = 2*y. Suppose y*h = -5*t + 573, -t + 2*t = 4*h + 129. What is the units digit of t?
7
Let r(j) = -55*j**2 + 2*j - 3. Let s be r(1). Let t = s + 103. What is the tens digit of t?
4
Let n = -754 + 1560. What is the tens digit of n?
0
What is the tens digit of 434 - (0 + (10/(-2) - -6))?
3
Let p(t) = 79*t**3 - 3*t**2 + 1. What is the tens digit of p(1)?
7
Let i(c) = c**2 + 2*c + 37. Let j(u) = -u**3 + 5*u**2 + 4*u - 11. Let k be j(6). Let h = k + 23. What is the units digit of i(h)?
7
Let v = 399 - -286. What is the units digit of v?
5
Let i = -1671 + 7804. What is the hundreds digit of i?
1
Let d(z) = 7*z - 12*z + 1 + 48*z. Let f = 38 - 37. What is the units digit of d(f)?
4
Suppose 10*r - 121 = 109. What is the units digit of (r/4)/((-2)/(-8))?
3
Suppose 2*z = -q + 11870, -4*q + 885 = 2*z - 10991. What is the hundreds digit of z?
9
What is the tens digit of (12 - -6)*(272/(-12))/(-2)?
0
Suppose 0 = -3*a - 2*y + 5961, 3*a - 13*y - 5979 = -9*y. What is the hundreds digit of a?
9
Let h = -15 + 18. Let j(y) = -3*y + 1. Let l be j(h). Let p(d) = d**2 + 7*d - 3. What is the units digit of p(l)?
5
Let f = -90 + 88. What is the tens digit of 4*(-2 + f + 13)?
3
Suppose 0 = 5*k - 4*i - 394, -2*k - i + 128 = -40. What is the units digit of k?
2
Suppose 0 = 2*h - 2*l - 6075 - 785, -5*h = 5*l - 17170. What is the thousands digit of h?
3
Suppose -2*v - 4*l + 554 = 0, -v - 2*v - l = -841. What is the units digit of v?
1
Let t(f) = -f**2 - 8*f - 10. Let v be t(-6). Let c(i) = 8*i - 7*i**2 + 6*i**3 - v*i - 5*i**3. What is the tens digit of c(7)?
4
Let n be (-1 - 1)/(2/(-19)). Let b(x) = -x**3 + 7*x**2 - 4*x - 4. Let m be b(6). Let